{"id":90,"date":"2025-04-29T07:33:04","date_gmt":"2025-04-29T07:33:04","guid":{"rendered":"https:\/\/anglupamokeles.lt\/?page_id=90"},"modified":"2025-10-08T05:00:20","modified_gmt":"2025-10-08T05:00:20","slug":"atsiliepimai","status":"publish","type":"page","link":"https:\/\/anglupamokeles.lt\/?page_id=90","title":{"rendered":"Atsiliepimai"},"content":{"rendered":"\n<div class=\"wp-block-cover alignfull is-light\" style=\"min-height:406px;aspect-ratio:unset;\"><img decoding=\"async\" class=\"wp-block-cover__image-background wp-image-58\" alt=\"\" src=\"https:\/\/anglupamokeles.lt\/wp-content\/uploads\/2025\/04\/knygos.jpg\" data-object-fit=\"cover\"\/><span aria-hidden=\"true\" class=\"wp-block-cover__background has-background-dim-20 has-background-dim\" style=\"background-color:#e5e5e4\"><\/span><div class=\"wp-block-cover__inner-container is-layout-constrained wp-block-cover-is-layout-constrained\">\n<p class=\"has-medium-font-size\">Per gyvenim\u0105 teko daug mokytis \u012fvairi\u0173 dalyk\u0173, bet ne visi sutikti mokytojai buvo Mokytojai. Simonas yra Mokytojas. A\u0161 labai d\u017eiaugiuosi j\u012f suradusi interneto platyb\u0117se ir pasirinkusi kartu \u017eengti \u012f angl\u0173 kalbos pasaul\u012f. Nelengva, net kiek baisu prad\u0117ti mokytis naujos kalbos, bet Simonas mok\u0117 labai jautriai ir kantriai, nuo pat prad\u017ei\u0173 palaikydamas ir nuramindamas kai nieko nesuprasdavau, paskatindamas imtis sunkesni\u0173 u\u017eduo\u010di\u0173, atverdamas begalines galimybes mokytis kalbos visur ir naudojant \u012fvairius b\u016bdus. Filmai, dain\u0173 tekstai, laidos, naujienos, eil\u0117ra\u0161\u010diai, knygos, atsitiktiniai pokalbiai su gatv\u0117je sutiktais u\u017esienie\u010diais, pasiruo\u0161imai prane\u0161imams, nuotrauk\u0173 ir \u017eod\u017ei\u0173 apib\u016bdinimai, kelioni\u0173 \u012fsp\u016bd\u017eiai, lai\u0161kai\u2026 D\u017eiaugiuosi atsiradusiu \u012fpro\u010diu vis pasiklausyti BBC \u017eini\u0173 ir tuo, kaip dabar galiu kalb\u0117ti ir ra\u0161yti angl\u0173 kalba. Jei ie\u0161kote Mokytojo, puikiai i\u0161manan\u010dio savo darb\u0105 ir svarbiausia dirbant\u012f su malonumu \u2013 kvie\u010diu kreiptis \u012f Simon\u0105, jis \u017eino kaip mokyti angl\u0173. S\u0117km\u0117s ir smagi\u0173 atradim\u0173 su Simonu!  <strong>Vaida Kalpokien\u0117<\/strong><\/p>\n\n\n\n<p>At\u0117jau pas Simon\u0105 pagerinti savo angl\u0173 kalbos \u012fg\u016bd\u017eius, bei atsikratyti baim\u0117s kalb\u0117ti angli\u0161kai. Mokiausi nuotoliniu b\u016bdu. Pamokos ne tik pad\u0117jo patobulinti kalb\u0105, bet ir bendrai prapl\u0117t\u0117 akirat\u012f. Simonas yra puikus angl\u0173 kalbos mokytojas ir \u017emogus, turintis \u012fvairi\u0173 \u017eini\u0173 bei patirties. <strong>Elia Lyskoit<\/strong><\/p>\n\n\n\n<p>Puikus mokytojas su \u201ejokios lietuvi\u0173 kalbos\u201d mokymo metodu. I\u0161 prad\u017ei\u0173 \u017ei\u016br\u0117jau skepti\u0161kai \u012f \u0161\u012f metod\u0105, bet po pusme\u010dio dingo visos baim\u0117s nesusikalb\u0117ti angli\u0161kai ypa\u010d kalbant telefonu. REKOMENDUOJU!!! <strong>Ponas Andrius<\/strong><\/p>\n\n\n\n<p>Puikus mokytojas! Pamokos pas Simon\u0105 man pad\u0117jo sustiprinti kalb\u0117jimo \u012fg\u016bd\u017eius ir \u017eodyn\u0105. Kiekviena pamoka \u012fdomi: kalbame skirtingomis ir aktualiomis temomis. Laikas praeina nepastebimai, o rezultatas d\u017eiuginantis. Pamok\u0173 metu i\u0161mokau ne tik angl\u0173 kalbos, bet ir prapl\u0117\u010diau savo \u017einias. Be to, tai puiki alternatyva taupantiems laik\u0105: galima mokytis nuotoliniu b\u016bdu per Skype. D\u017eiaugiuosi, kad pasirinkau b\u016btent Simon\u0105. Visiems rekomenduoju! <strong>Suzana Kukyt\u0117<\/strong><\/p>\n\n\n\n<p>At\u0117jau \u012f Simono pamokas pagerinti savo kalb\u0117jim\u0105 angli\u0161kai. Kaip tik tai ir gavau ko tik\u0117jausi.<br>Joki\u0173 nuobod\u017ei\u0173 test\u0173 ar gramatikos vingrybi\u0173. Tik kalb\u0117jimas ir klausymasis. B\u016btent tai, kas ir buvo reikalinga.<br>Akivaizd\u017eiai pastebiu savyje augant\u012f pasitik\u0117jim\u0105 kalbant angli\u0161kai. A\u010di\u016b! <strong>Andrius VZ033<\/strong><\/p>\n\n\n\n<p>Nuostabus mokytojas, rekomenduoju 100%. Pamokos visada b\u016bna labai \u012fdomios ir ai\u0161kios. <strong>Lina Stumbryte<\/strong><\/p>\n\n\n\n<p>Rekomenduoju visiems Simon\u0105 kaip angl\u0173 kalbos mokytoj\u0105. Jo mokymo metodas ir pateikta med\u017eiaga labai lengvai \u012fsisavinama, pamokos praeina greitai ir naudingai. Jau\u010diamas atsidavimas darbui.<br>Suteikt\u0173 paslaug\u0173 kokyb\u0119 vertinu labai gerai. <strong>Tom Sokolovic<\/strong><\/p>\n\n\n\n<p><\/p>\n\n\n\n<p><\/p>\n\n\n\n<p><\/p>\n\n\n\n<p><\/p>\n\n\n\n<p><\/p>\n\n\n\n<p class=\"has-text-align-center has-black-color has-text-color has-medium-font-size\"><\/p>\n<\/div><\/div>\n","protected":false},"excerpt":{"rendered":"","protected":false},"author":1,"featured_media":0,"parent":0,"menu_order":0,"comment_status":"closed","ping_status":"closed","template":"","meta":{"footnotes":""},"class_list":["post-90","page","type-page","status-publish","hentry"],"_links":{"self":[{"href":"https:\/\/anglupamokeles.lt\/index.php?rest_route=\/wp\/v2\/pages\/90","targetHints":{"allow":["GET"]}}],"collection":[{"href":"https:\/\/anglupamokeles.lt\/index.php?rest_route=\/wp\/v2\/pages"}],"about":[{"href":"https:\/\/anglupamokeles.lt\/index.php?rest_route=\/wp\/v2\/types\/page"}],"author":[{"embeddable":true,"href":"https:\/\/anglupamokeles.lt\/index.php?rest_route=\/wp\/v2\/users\/1"}],"replies":[{"embeddable":true,"href":"https:\/\/anglupamokeles.lt\/index.php?rest_route=%2Fwp%2Fv2%2Fcomments&post=90"}],"version-history":[{"count":2,"href":"https:\/\/anglupamokeles.lt\/index.php?rest_route=\/wp\/v2\/pages\/90\/revisions"}],"predecessor-version":[{"id":131,"href":"https:\/\/anglupamokeles.lt\/index.php?rest_route=\/wp\/v2\/pages\/90\/revisions\/131"}],"wp:attachment":[{"href":"https:\/\/anglupamokeles.lt\/index.php?rest_route=%2Fwp%2Fv2%2Fmedia&parent=90"}],"curies":[{"name":"wp","href":"https:\/\/api.w.org\/{rel}","templated":true}]}}